{"id":61,"date":"2021-10-26T16:07:51","date_gmt":"2021-10-26T14:07:51","guid":{"rendered":"https:\/\/www.pasticceriagardellin.it\/e\/?post_type=product&#038;p=61"},"modified":"2023-10-30T18:20:58","modified_gmt":"2023-10-30T17:20:58","slug":"baci-di-dama-chiari","status":"publish","type":"product","link":"https:\/\/www.pasticceriagardellin.it\/e\/shop\/baci-di-dama-chiari\/","title":{"rendered":"BACI DI DAMA CHIARI"},"content":{"rendered":"<p>Romantici e inconfondibili, i baci di dama sono cos\u00ec chiamati perch\u00e9 le due met\u00e0 di biscotto tenute insieme da un velo di cioccolato, assomigliano a due bocche intente a darsi un dolcissimo bacio.<\/p>\n<p>L\u2019impasto classico con farina di mandorle e nocciole unito dalla golosit\u00e0 del cioccolato al latte 39%.<\/p>\n<p>Ingredienti: farina di GRANO tenero, BURRO, zucchero, farina di MANDORLE, farina di NOCCIOLE, tuorlo d\u2019UOVO, sale, bacca di vaniglia.<\/p>\n<p>Farcitura con Cioccolato a latte Cioccolato Bitter Lacte\u00e8 39%<br \/>\nIngredienti: zucchero, burro di cacao, LATTE intero in polvere, fave di cacao, emulsionante: lecitina di SOIA, estratto naturale di vaniglia.<\/p>\n<p>Peso: 250g<\/p>\n<p>MODALIT\u00c0 DI CONSEGNA DISPONIBILI: RITIRO IN NEGOZIO O CONSEGNA A DOMICILIO CON CORRIERE.<\/p>\n","protected":false},"excerpt":{"rendered":"<p>Romantici e inconfondibili, i baci di dama sono cos\u00ec chiamati perch\u00e9 le due met\u00e0 di biscotto tenute insieme da un velo di cioccolato, assomigliano a due bocche intente a darsi un dolcissimo bacio.<\/p>\n<p>MODALIT\u00c0 DI CONSEGNA DISPONIBILI: RITIRO IN NEGOZIO O CONSEGNA A DOMICILIO CON CORRIERE.<\/p>\n","protected":false},"featured_media":598,"comment_status":"closed","ping_status":"closed","template":"","meta":[],"product_cat":[32],"product_tag":[52,50,55,53],"_links":{"self":[{"href":"https:\/\/www.pasticceriagardellin.it\/e\/wp-json\/wp\/v2\/product\/61"}],"collection":[{"href":"https:\/\/www.pasticceriagardellin.it\/e\/wp-json\/wp\/v2\/product"}],"about":[{"href":"https:\/\/www.pasticceriagardellin.it\/e\/wp-json\/wp\/v2\/types\/product"}],"replies":[{"embeddable":true,"href":"https:\/\/www.pasticceriagardellin.it\/e\/wp-json\/wp\/v2\/comments?post=61"}],"wp:featuredmedia":[{"embeddable":true,"href":"https:\/\/www.pasticceriagardellin.it\/e\/wp-json\/wp\/v2\/media\/598"}],"wp:attachment":[{"href":"https:\/\/www.pasticceriagardellin.it\/e\/wp-json\/wp\/v2\/media?parent=61"}],"wp:term":[{"taxonomy":"product_cat","embeddable":true,"href":"https:\/\/www.pasticceriagardellin.it\/e\/wp-json\/wp\/v2\/product_cat?post=61"},{"taxonomy":"product_tag","embeddable":true,"href":"https:\/\/www.pasticceriagardellin.it\/e\/wp-json\/wp\/v2\/product_tag?post=61"}],"curies":[{"name":"wp","href":"https:\/\/api.w.org\/{rel}","templated":true}]}}

<p>Romantici e inconfondibili, i baci di dama sono così chiamati perché le due metà di biscotto tenute insieme da un velo di cioccolato, assomigliano a due bocche intente a darsi un dolcissimo bacio.</p>
<p>L’impasto classico con farina di mandorle e nocciole unito dalla golosità del cioccolato al latte 39%.</p>
<p>Ingredienti: farina di GRANO tenero, BURRO, zucchero, farina di MANDORLE, farina di NOCCIOLE, tuorlo d’UOVO, sale, bacca di vaniglia.</p>
<p>Farcitura con Cioccolato a latte Cioccolato Bitter Lacteè 39%<br />
Ingredienti: zucchero, burro di cacao, LATTE intero in polvere, fave di cacao, emulsionante: lecitina di SOIA, estratto naturale di vaniglia.</p>
<p>Peso: 250g</p>
<p>MODALITÀ DI CONSEGNA DISPONIBILI: RITIRO IN NEGOZIO O CONSEGNA A DOMICILIO CON CORRIERE.</p>

<p>Romantici e inconfondibili, i baci di dama sono così chiamati perché le due metà di biscotto tenute insieme da un velo di cioccolato, assomigliano a due bocche intente a darsi un dolcissimo bacio.</p>
<p>MODALITÀ DI CONSEGNA DISPONIBILI: RITIRO IN NEGOZIO O CONSEGNA A DOMICILIO CON CORRIERE.</p>
